{"id":69,"date":"2021-03-04T10:31:15","date_gmt":"2021-03-04T09:31:15","guid":{"rendered":"http:\/\/rezerwacja.powiatwalecki.pl\/?page_id=69"},"modified":"2021-09-13T14:30:58","modified_gmt":"2021-09-13T12:30:58","slug":"potwierdzenie-rejestracji","status":"publish","type":"page","link":"https:\/\/rezerwacja.powiatwalecki.pl\/index.php\/potwierdzenie-rejestracji\/","title":{"rendered":"Potwierdzenie rejestracji"},"content":{"rendered":"\n<p>Twoja rezerwacja terminu zosta\u0142a wys\u0142ana. Wkr\u00f3tce na podany adres e-mail zostanie wys\u0142ane potwierdzenie.<\/p>\n\n\n\n<p>W przypadku rezygnacji z um\u00f3wionej wizyty poinformuj nas o tym:<\/p>\n\n\n\n<p>e-mailem na adres: <a href=\"mailto:rezerwacja@powiatwalecki.pl\">rezerwacja@powiatwalecki.pl<\/a><\/p>\n\n\n\n<p class=\"has-medium-font-size\">lub telefonicznie: <strong>67 250 84 52<\/strong> lub <strong>604 927 639<\/strong><\/p>\n","protected":false},"excerpt":{"rendered":"<p>Twoja rezerwacja terminu zosta\u0142a wys\u0142ana. Wkr\u00f3tce na podany adres e-mail zostanie wys\u0142ane potwierdzenie. W przypadku rezygnacji z um\u00f3wionej wizyty poinformuj nas o tym: e-mailem na adres: rezerwacja@powiatwalecki.pl lub telefonicznie: 67 250 84 52 lub 604 927 639<\/p>\n","protected":false},"author":1,"featured_media":0,"parent":0,"menu_order":0,"comment_status":"closed","ping_status":"closed","template":"","meta":{"zakra_page_container_layout":"customizer","zakra_page_sidebar_layout":"customizer","zakra_remove_content_margin":false,"zakra_sidebar":"customizer","zakra_transparent_header":"customizer","zakra_logo":0,"zakra_main_header_style":"default","zakra_menu_item_color":"","zakra_menu_item_hover_color":"","zakra_menu_item_active_color":"","zakra_menu_active_style":"","zakra_page_header":true,"footnotes":""},"class_list":["post-69","page","type-page","status-publish","hentry"],"_links":{"self":[{"href":"https:\/\/rezerwacja.powiatwalecki.pl\/index.php\/wp-json\/wp\/v2\/pages\/69","targetHints":{"allow":["GET"]}}],"collection":[{"href":"https:\/\/rezerwacja.powiatwalecki.pl\/index.php\/wp-json\/wp\/v2\/pages"}],"about":[{"href":"https:\/\/rezerwacja.powiatwalecki.pl\/index.php\/wp-json\/wp\/v2\/types\/page"}],"author":[{"embeddable":true,"href":"https:\/\/rezerwacja.powiatwalecki.pl\/index.php\/wp-json\/wp\/v2\/users\/1"}],"replies":[{"embeddable":true,"href":"https:\/\/rezerwacja.powiatwalecki.pl\/index.php\/wp-json\/wp\/v2\/comments?post=69"}],"version-history":[{"count":3,"href":"https:\/\/rezerwacja.powiatwalecki.pl\/index.php\/wp-json\/wp\/v2\/pages\/69\/revisions"}],"predecessor-version":[{"id":126,"href":"https:\/\/rezerwacja.powiatwalecki.pl\/index.php\/wp-json\/wp\/v2\/pages\/69\/revisions\/126"}],"wp:attachment":[{"href":"https:\/\/rezerwacja.powiatwalecki.pl\/index.php\/wp-json\/wp\/v2\/media?parent=69"}],"curies":[{"name":"wp","href":"https:\/\/api.w.org\/{rel}","templated":true}]}}

<p>Twoja rezerwacja terminu została wysłana. Wkrótce na podany adres e-mail zostanie wysłane potwierdzenie.</p>



<p>W przypadku rezygnacji z umówionej wizyty poinformuj nas o tym:</p>



<p>e-mailem na adres: <a href="mailto:rezerwacja@powiatwalecki.pl">rezerwacja@powiatwalecki.pl</a></p>



<p class="has-medium-font-size">lub telefonicznie: <strong>67 250 84 52</strong> lub <strong>604 927 639</strong></p>

<p>Twoja rezerwacja terminu została wysłana. Wkrótce na podany adres e-mail zostanie wysłane potwierdzenie. W przypadku rezygnacji z umówionej wizyty poinformuj nas o tym: e-mailem na adres: rezerwacja@powiatwalecki.pl lub telefonicznie: 67 250 84 52 lub 604 927 639</p>
