{"id":50,"date":"2021-03-04T09:38:07","date_gmt":"2021-03-04T08:38:07","guid":{"rendered":"http:\/\/rezerwacja.powiatwalecki.pl\/?page_id=50"},"modified":"2021-03-04T10:08:42","modified_gmt":"2021-03-04T09:08:42","slug":"klauzula-informacyjna-rodo","status":"publish","type":"page","link":"https:\/\/rezerwacja.powiatwalecki.pl\/index.php\/klauzula-informacyjna-rodo\/","title":{"rendered":"Klauzula informacyjna RODO"},"content":{"rendered":"\n<p>Zgodnie z art.13 ust.1 i ust.2 rozporz\u0105dzenia Parlamentu Europejskiego i Rady (UE) 2016\/679 z dnia 27 kwietnia 2016 r. w sprawie ochrony os\u00f3b fizycznych w zwi\u0105zku z przetwarzaniem danych osobowych i w sprawie swobodnego przep\u0142ywu takich danych oraz uchylenia dyrektywy 95\/46\/WE (og\u00f3lne rozporz\u0105dzenie o ochronie danych ?RODO?), informujemy o zasadach przetwarzania Pani\/Pana danych osobowych oraz o przys\u0142uguj\u0105cych Pani\/Panu prawach z tym zwi\u0105zanych.<\/p>\n\n\n\n<ol class=\"wp-block-list\" type=\"1\"><li>Administratorem Pani\/Pana danych osobowych przetwarzanych w Starostwie Powiatowym w Wa\u0142czu &nbsp;jest: Starosta Wa\u0142ecki, ul. D\u0105browskiego 17, 78-600 Wa\u0142cz.<\/li><li>Je\u015bli ma Pani\/Pan pytania dotycz\u0105ce sposobu i zakresu przetwarzania Pani\/Pana danych osobowych, a tak\u017ce przys\u0142uguj\u0105cych Pani\/Panu uprawnie\u0144, mo\u017ce si\u0119 Pani\/Pan skontaktowa\u0107 si\u0119 z Inspektorem Ochrony Danych Osobowych<br>w Starostwie Powiatowym w Wa\u0142czu za pomoc\u0105 adresu <strong><a href=\"mailto:zk@powiatwalecki.pl\">zk@powiatwalecki.pl<\/a><\/strong>.<\/li><\/ol>\n\n\n\n<ol class=\"wp-block-list\" type=\"1\" start=\"3\"><li>Administrator danych osobowych przetwarza Pani\/Pana dane osobowe na\u00a0 podstawie udzielonej zgody.<\/li><li>Pani\/Pana dane osobowe przetwarzane s\u0105 w celu rezerwacji wizyty w Wydziale Komunikacji i Transportu Starostwa Powiatowego w Wa\u0142czu<\/li><li>W zwi\u0105zku z przetwarzaniem danych w celach o kt\u00f3rych mowa w pkt 4 odbiorcami Pani\/Pana danych osobowych mog\u0105 by\u0107 \u00a0organy w\u0142adzy publicznej oraz podmioty wykonuj\u0105ce zadania publiczne lub dzia\u0142aj\u0105ce na zlecenie organ\u00f3w w\u0142adzy publicznej, w zakresie i w celach, kt\u00f3re wynikaj\u0105 z przepis\u00f3w powszechnie obowi\u0105zuj\u0105cego prawa;<\/li><li>Pani\/Pana dane osobowe b\u0119d\u0105 przechowywane przez okres niezb\u0119dny do realizacji cel\u00f3w okre\u015blonych w pkt 4, a po tym czasie zostan\u0105 usuni\u0119te.<\/li><li>W zwi\u0105zku z przetwarzaniem Pani\/Pana danych osobowych przys\u0142uguj\u0105 Pani\/Panu nast\u0119puj\u0105ce uprawnienia:<\/li><\/ol>\n\n\n\n<ul type=\"11\">\n<li>prawo dost\u0119pu do danych osobowych, w tym prawo do uzyskania kopii tych danych<\/li>\n<li>prawo do \u017c\u0105dania sprostowania (poprawiania) danych osobowych ? w przypadku gdy dane s\u0105 nieprawid\u0142owe lub niekompletne;<\/li>\n<li>prawo do \u017c\u0105dania usuni\u0119cia danych osobowych (tzw. prawo do bycia zapomnianym);<\/li>\n<li>prawo do \u017c\u0105dania ograniczenia przetwarzania danych osobowych;<\/li>\n<li>prawo do przenoszenia danych;<\/li>\n<li>prawo sprzeciwu wobec przetwarzania danych;<\/li>\n<\/ul>\n\n\n\n<ol class=\"wp-block-list\" type=\"1\" start=\"8\"><li>Przys\u0142uguje Pani\/Panu prawo do cofni\u0119cia tej zgody w dowolnym momencie. Cofni\u0119cie to nie ma wp\u0142ywu na zgodno\u015b\u0107 przetwarzania, kt\u00f3rego dokonano na podstawie zgody przed jej cofni\u0119ciem. Cofni\u0119cie zgody b\u0119dzie skutkowa\u0107 brakiem mo\u017cliwo\u015bci realizacji celu, okre\u015blonego w pkt. 4.<\/li><li>Przys\u0142uguje Pani\/Panu prawo wniesienia skargi do Prezesa Urz\u0119du Ochrony Danych Osobowych, gdy uzna i\u017c przetwarzanie danych osobowych narusza przepisy og\u00f3lnego rozporz\u0105dzenia o ochronie danych osobowych z dnia 27 kwietnia 2016 r.<\/li><li>Podanie przez Pani\u0105\/Pana danych osobowych Administratorowi ma charakter dobrowolny.<\/li><li>Pani\/Pana dane mog\u0105 by\u0107 przetwarzane w spos\u00f3b zautomatyzowany i nie b\u0119d\u0105 profilowane.<\/li><\/ol>\n","protected":false},"excerpt":{"rendered":"<p>Zgodnie z art.13 ust.1 i ust.2 rozporz\u0105dzenia Parlamentu Europejskiego i Rady (UE) 2016\/679 z dnia 27 kwietnia 2016 r. w sprawie ochrony os\u00f3b fizycznych w zwi\u0105zku z przetwarzaniem danych osobowych i w sprawie swobodnego przep\u0142ywu takich danych oraz uchylenia dyrektywy 95\/46\/WE (og\u00f3lne rozporz\u0105dzenie o ochronie danych ?RODO?), informujemy o zasadach przetwarzania Pani\/Pana danych osobowych oraz [&hellip;]<\/p>\n","protected":false},"author":1,"featured_media":0,"parent":0,"menu_order":0,"comment_status":"closed","ping_status":"closed","template":"","meta":{"zakra_page_container_layout":"customizer","zakra_page_sidebar_layout":"customizer","zakra_remove_content_margin":false,"zakra_sidebar":"customizer","zakra_transparent_header":"customizer","zakra_logo":0,"zakra_main_header_style":"default","zakra_menu_item_color":"","zakra_menu_item_hover_color":"","zakra_menu_item_active_color":"","zakra_menu_active_style":"","zakra_page_header":true,"footnotes":""},"class_list":["post-50","page","type-page","status-publish","hentry"],"_links":{"self":[{"href":"https:\/\/rezerwacja.powiatwalecki.pl\/index.php\/wp-json\/wp\/v2\/pages\/50","targetHints":{"allow":["GET"]}}],"collection":[{"href":"https:\/\/rezerwacja.powiatwalecki.pl\/index.php\/wp-json\/wp\/v2\/pages"}],"about":[{"href":"https:\/\/rezerwacja.powiatwalecki.pl\/index.php\/wp-json\/wp\/v2\/types\/page"}],"author":[{"embeddable":true,"href":"https:\/\/rezerwacja.powiatwalecki.pl\/index.php\/wp-json\/wp\/v2\/users\/1"}],"replies":[{"embeddable":true,"href":"https:\/\/rezerwacja.powiatwalecki.pl\/index.php\/wp-json\/wp\/v2\/comments?post=50"}],"version-history":[{"count":12,"href":"https:\/\/rezerwacja.powiatwalecki.pl\/index.php\/wp-json\/wp\/v2\/pages\/50\/revisions"}],"predecessor-version":[{"id":65,"href":"https:\/\/rezerwacja.powiatwalecki.pl\/index.php\/wp-json\/wp\/v2\/pages\/50\/revisions\/65"}],"wp:attachment":[{"href":"https:\/\/rezerwacja.powiatwalecki.pl\/index.php\/wp-json\/wp\/v2\/media?parent=50"}],"curies":[{"name":"wp","href":"https:\/\/api.w.org\/{rel}","templated":true}]}}

<p>Zgodnie z art.13 ust.1 i ust.2 rozporządzenia Parlamentu Europejskiego i Rady (UE) 2016/679 z dnia 27 kwietnia 2016 r. w sprawie ochrony osób fizycznych w związku z przetwarzaniem danych osobowych i w sprawie swobodnego przepływu takich danych oraz uchylenia dyrektywy 95/46/WE (ogólne rozporządzenie o ochronie danych ?RODO?), informujemy o zasadach przetwarzania Pani/Pana danych osobowych oraz o przysługujących Pani/Panu prawach z tym związanych.</p>



<ol class="wp-block-list" type="1"><li>Administratorem Pani/Pana danych osobowych przetwarzanych w Starostwie Powiatowym w Wałczu &nbsp;jest: Starosta Wałecki, ul. Dąbrowskiego 17, 78-600 Wałcz.</li><li>Jeśli ma Pani/Pan pytania dotyczące sposobu i zakresu przetwarzania Pani/Pana danych osobowych, a także przysługujących Pani/Panu uprawnień, może się Pani/Pan skontaktować się z Inspektorem Ochrony Danych Osobowych<br>w Starostwie Powiatowym w Wałczu za pomocą adresu <strong><a href="mailto:zk@powiatwalecki.pl">zk@powiatwalecki.pl</a></strong>.</li></ol>



<ol class="wp-block-list" type="1" start="3"><li>Administrator danych osobowych przetwarza Pani/Pana dane osobowe na  podstawie udzielonej zgody.</li><li>Pani/Pana dane osobowe przetwarzane są w celu rezerwacji wizyty w Wydziale Komunikacji i Transportu Starostwa Powiatowego w Wałczu</li><li>W związku z przetwarzaniem danych w celach o których mowa w pkt 4 odbiorcami Pani/Pana danych osobowych mogą być  organy władzy publicznej oraz podmioty wykonujące zadania publiczne lub działające na zlecenie organów władzy publicznej, w zakresie i w celach, które wynikają z przepisów powszechnie obowiązującego prawa;</li><li>Pani/Pana dane osobowe będą przechowywane przez okres niezbędny do realizacji celów określonych w pkt 4, a po tym czasie zostaną usunięte.</li><li>W związku z przetwarzaniem Pani/Pana danych osobowych przysługują Pani/Panu następujące uprawnienia:</li></ol>



<ul type="11">
<li>prawo dostępu do danych osobowych, w tym prawo do uzyskania kopii tych danych</li>
<li>prawo do żądania sprostowania (poprawiania) danych osobowych ? w przypadku gdy dane są nieprawidłowe lub niekompletne;</li>
<li>prawo do żądania usunięcia danych osobowych (tzw. prawo do bycia zapomnianym);</li>
<li>prawo do żądania ograniczenia przetwarzania danych osobowych;</li>
<li>prawo do przenoszenia danych;</li>
<li>prawo sprzeciwu wobec przetwarzania danych;</li>
</ul>



<ol class="wp-block-list" type="1" start="8"><li>Przysługuje Pani/Panu prawo do cofnięcia tej zgody w dowolnym momencie. Cofnięcie to nie ma wpływu na zgodność przetwarzania, którego dokonano na podstawie zgody przed jej cofnięciem. Cofnięcie zgody będzie skutkować brakiem możliwości realizacji celu, określonego w pkt. 4.</li><li>Przysługuje Pani/Panu prawo wniesienia skargi do Prezesa Urzędu Ochrony Danych Osobowych, gdy uzna iż przetwarzanie danych osobowych narusza przepisy ogólnego rozporządzenia o ochronie danych osobowych z dnia 27 kwietnia 2016 r.</li><li>Podanie przez Panią/Pana danych osobowych Administratorowi ma charakter dobrowolny.</li><li>Pani/Pana dane mogą być przetwarzane w sposób zautomatyzowany i nie będą profilowane.</li></ol>

<p>Zgodnie z art.13 ust.1 i ust.2 rozporządzenia Parlamentu Europejskiego i Rady (UE) 2016/679 z dnia 27 kwietnia 2016 r. w sprawie ochrony osób fizycznych w związku z przetwarzaniem danych osobowych i w sprawie swobodnego przepływu takich danych oraz uchylenia dyrektywy 95/46/WE (ogólne rozporządzenie o ochronie danych ?RODO?), informujemy o zasadach przetwarzania Pani/Pana danych osobowych oraz [&hellip;]</p>
