{"id":207,"date":"2026-03-16T09:28:39","date_gmt":"2026-03-16T08:28:39","guid":{"rendered":"https:\/\/rezerwacja.powiatwalecki.pl\/?page_id=207"},"modified":"2026-03-16T09:28:39","modified_gmt":"2026-03-16T08:28:39","slug":"art-73aa-obowiazek-zlozenia-wniosku-o-rejestracje-pojazdu","status":"publish","type":"page","link":"https:\/\/rezerwacja.powiatwalecki.pl\/index.php\/art-73aa-obowiazek-zlozenia-wniosku-o-rejestracje-pojazdu\/","title":{"rendered":"Art. 73aa &#8211; Obowiazek z\u0142o\u017cenia wniosku o rejestracj\u0119 pojazdu"},"content":{"rendered":"\n<blockquote class=\"wp-block-quote is-layout-flow wp-block-quote-is-layout-flow\">\n<p>Art.&nbsp; 73aa. [Obowi\u0105zek z\u0142o\u017cenia wniosku o rejestracj\u0119 pojazdu]<\/p>\n\n\n\n<blockquote class=\"wp-block-quote is-layout-flow wp-block-quote-is-layout-flow\">\n<p>1.&nbsp; W\u0142a\u015bciciel pojazdu jest obowi\u0105zany z\u0142o\u017cy\u0107 wniosek o jego rejestracj\u0119 w terminie&nbsp;<strong>30<\/strong>&nbsp;dni od dnia:<br>1)&nbsp; nabycia pojazdu na terytorium Rzeczypospolitej Polskiej;<br>2)&nbsp; dopuszczenia do obrotu przez organ Krajowej Administracji Skarbowej pojazdu sprowadzonego z terytorium pa\u0144stwa nieb\u0119d\u0105cego pa\u0144stwem cz\u0142onkowskim Unii Europejskiej;<br>3) sprowadzenia pojazdu na terytorium Rzeczypospolitej Polskiej z terytorium pa\u0144stwa cz\u0142onkowskiego Unii Europejskiej.<br>2. W przypadku nabycia pojazdu, o kt\u00f3rym mowa w ust. 1 pkt 1, w drodze spadku termin na z\u0142o\u017cenie wniosku o rejestracj\u0119 pojazdu, o kt\u00f3rym mowa w ust. 1, wynosi&nbsp;<strong>60<\/strong>&nbsp;dni od dnia prawomocnego orzeczenia s\u0105du o stwierdzeniu nabycia spadku albo sporz\u0105dzenia aktu po\u015bwiadczenia dziedziczenia.<br>2a. W przypadku nabycia pojazdu, o kt\u00f3rym mowa w ust. 1 pkt 1, wycofanego czasowo z ruchu termin, o kt\u00f3rym mowa w ust. 1, biegnie od dnia, w kt\u00f3rym up\u0142yn\u0105\u0142 okres czasowego wycofania pojazdu z ruchu okre\u015blony w decyzji o czasowym wycofaniu pojazdu z ruchu.<br>3. W przypadku gdy w\u0142a\u015bcicielem pojazdu, o kt\u00f3rym mowa w ust. 1, jest przedsi\u0119biorca prowadz\u0105cy na terytorium Rzeczypospolitej Polskiej dzia\u0142alno\u015b\u0107 gospodarcz\u0105 w zakresie obrotu pojazdami, obowi\u0105zany jest do z\u0142o\u017cenia wniosku o rejestracj\u0119 pojazdu, o kt\u00f3rym mowa w ust. 1, w terminie&nbsp;<strong>90<\/strong>&nbsp;dni.<br>4. Przepisu ust. 1 nie stosuje si\u0119 do podmiotu uprawnionego, o kt\u00f3rym mowa w art. 80s ust. 2, w odniesieniu do pojazd\u00f3w, dla kt\u00f3rych ten podmiot uprawniony posiada wa\u017cn\u0105 decyzj\u0119 o profesjonalnej rejestracji pojazd\u00f3w.<br>5. Przepis\u00f3w ust. 1, 2 i 3 nie stosuje si\u0119 w przypadku, gdy w\u0142a\u015bcicielem nowego pojazdu jest przedsi\u0119biorca prowadz\u0105cy na terytorium Rzeczypospolitej Polskiej dzia\u0142alno\u015b\u0107 gospodarcz\u0105 w zakresie obrotu pojazdami lub produkcji pojazd\u00f3w.<br>5a. Przepis\u00f3w ust. 1 nie stosuje si\u0119, w przypadku gdy w\u0142a\u015bcicielem pojazdu:<br>1) przej\u0119tego na podstawie art. 50a ust. 2 zdanie drugie jest gmina;<br>2) przej\u0119tego na podstawie orzeczenia s\u0105du wydanego w zwi\u0105zku z wnioskiem, o kt\u00f3rym mowa w art. 130a ust. 10 zdanie pierwsze, jest powiat;<br>3) nabytego w drodze spadku jest gmina albo Skarb Pa\u0144stwa;<br>4) przej\u0119tego po likwidacji przedsi\u0119biorstwa jest gmina albo Skarb Pa\u0144stwa;<br>5) przej\u0119tego na podstawie art. 44b ustawy z dnia 6 czerwca 1997 r. &#8211; Kodeks karny (Dz. U. z 2025 r. poz. 383) jest Skarb Pa\u0144stwa.<br>6. Przepisu ust. 1 pkt 1 nie stosuje si\u0119, w przypadku gdy przed up\u0142ywem termin\u00f3w, o kt\u00f3rych mowa w ust. 1, 2 albo 3, w\u0142a\u015bcicielowi pojazdu zosta\u0142y wydane:<br>1) za\u015bwiadczenie o demonta\u017cu pojazdu, o kt\u00f3rym mowa w:<br>a) art. 79 ust. 2,<br>b) art. 24 ust. 1 pkt 2 albo art. 33 ust. 3 ustawy z dnia 20 stycznia 2005 r. o recyklingu pojazd\u00f3w wycofanych z eksploatacji (Dz. U. z 2020 r. poz. 2056);<br>2) za\u015bwiadczenie o przyj\u0119ciu niekompletnego pojazdu, o kt\u00f3rym mowa w art. 25 ust. 1 albo art. 33 ust. 3 ustawy z dnia 20 stycznia 2005 r. o recyklingu pojazd\u00f3w wycofanych z eksploatacji;<br>3) za\u015bwiadczenie potwierdzaj\u0105ce zg\u0142oszenie kradzie\u017cy pojazdu;<br>4) postanowienie o umorzeniu post\u0119powania przygotowawczego w sprawie kradzie\u017cy pojazdu.<br>6a. Przepisu ust. 1 pkt 1 nie stosuje si\u0119, w przypadku gdy przed up\u0142ywem termin\u00f3w, o kt\u00f3rych mowa w ust. 1, 2 albo 3, nast\u0105pi\u0142a udokumentowana trwa\u0142a i zupe\u0142na utrata posiadania pojazdu bez zmiany w zakresie prawa w\u0142asno\u015bci, o kt\u00f3rej mowa w art. 79 ust. 1 pkt 5.<br>7. Przepisu ust. 1 nie stosuje si\u0119, w przypadku gdy w\u0142a\u015bciciel pojazdu dokona zbycia tego pojazdu przed up\u0142ywem termin\u00f3w, o kt\u00f3rych mowa w ust. 1, 2 albo 3.&#8221;<\/p>\n<\/blockquote>\n<\/blockquote>\n","protected":false},"excerpt":{"rendered":"","protected":false},"author":1,"featured_media":0,"parent":0,"menu_order":0,"comment_status":"closed","ping_status":"closed","template":"","meta":{"zakra_page_container_layout":"customizer","zakra_page_sidebar_layout":"customizer","zakra_remove_content_margin":false,"zakra_sidebar":"customizer","zakra_transparent_header":"customizer","zakra_logo":0,"zakra_main_header_style":"default","zakra_menu_item_color":"","zakra_menu_item_hover_color":"","zakra_menu_item_active_color":"","zakra_menu_active_style":"","zakra_page_header":true,"footnotes":""},"class_list":["post-207","page","type-page","status-publish","hentry"],"_links":{"self":[{"href":"https:\/\/rezerwacja.powiatwalecki.pl\/index.php\/wp-json\/wp\/v2\/pages\/207","targetHints":{"allow":["GET"]}}],"collection":[{"href":"https:\/\/rezerwacja.powiatwalecki.pl\/index.php\/wp-json\/wp\/v2\/pages"}],"about":[{"href":"https:\/\/rezerwacja.powiatwalecki.pl\/index.php\/wp-json\/wp\/v2\/types\/page"}],"author":[{"embeddable":true,"href":"https:\/\/rezerwacja.powiatwalecki.pl\/index.php\/wp-json\/wp\/v2\/users\/1"}],"replies":[{"embeddable":true,"href":"https:\/\/rezerwacja.powiatwalecki.pl\/index.php\/wp-json\/wp\/v2\/comments?post=207"}],"version-history":[{"count":1,"href":"https:\/\/rezerwacja.powiatwalecki.pl\/index.php\/wp-json\/wp\/v2\/pages\/207\/revisions"}],"predecessor-version":[{"id":209,"href":"https:\/\/rezerwacja.powiatwalecki.pl\/index.php\/wp-json\/wp\/v2\/pages\/207\/revisions\/209"}],"wp:attachment":[{"href":"https:\/\/rezerwacja.powiatwalecki.pl\/index.php\/wp-json\/wp\/v2\/media?parent=207"}],"curies":[{"name":"wp","href":"https:\/\/api.w.org\/{rel}","templated":true}]}}

Art. 73aa &#8211; Obowiazek złożenia wniosku o rejestrację pojazdu

<blockquote class="wp-block-quote is-layout-flow wp-block-quote-is-layout-flow">
<p>Art.&nbsp; 73aa. [Obowiązek złożenia wniosku o rejestrację pojazdu]</p>



<blockquote class="wp-block-quote is-layout-flow wp-block-quote-is-layout-flow">
<p>1.&nbsp; Właściciel pojazdu jest obowiązany złożyć wniosek o jego rejestrację w terminie&nbsp;<strong>30</strong>&nbsp;dni od dnia:<br>1)&nbsp; nabycia pojazdu na terytorium Rzeczypospolitej Polskiej;<br>2)&nbsp; dopuszczenia do obrotu przez organ Krajowej Administracji Skarbowej pojazdu sprowadzonego z terytorium państwa niebędącego państwem członkowskim Unii Europejskiej;<br>3) sprowadzenia pojazdu na terytorium Rzeczypospolitej Polskiej z terytorium państwa członkowskiego Unii Europejskiej.<br>2. W przypadku nabycia pojazdu, o którym mowa w ust. 1 pkt 1, w drodze spadku termin na złożenie wniosku o rejestrację pojazdu, o którym mowa w ust. 1, wynosi&nbsp;<strong>60</strong>&nbsp;dni od dnia prawomocnego orzeczenia sądu o stwierdzeniu nabycia spadku albo sporządzenia aktu poświadczenia dziedziczenia.<br>2a. W przypadku nabycia pojazdu, o którym mowa w ust. 1 pkt 1, wycofanego czasowo z ruchu termin, o którym mowa w ust. 1, biegnie od dnia, w którym upłynął okres czasowego wycofania pojazdu z ruchu określony w decyzji o czasowym wycofaniu pojazdu z ruchu.<br>3. W przypadku gdy właścicielem pojazdu, o którym mowa w ust. 1, jest przedsiębiorca prowadzący na terytorium Rzeczypospolitej Polskiej działalność gospodarczą w zakresie obrotu pojazdami, obowiązany jest do złożenia wniosku o rejestrację pojazdu, o którym mowa w ust. 1, w terminie&nbsp;<strong>90</strong>&nbsp;dni.<br>4. Przepisu ust. 1 nie stosuje się do podmiotu uprawnionego, o którym mowa w art. 80s ust. 2, w odniesieniu do pojazdów, dla których ten podmiot uprawniony posiada ważną decyzję o profesjonalnej rejestracji pojazdów.<br>5. Przepisów ust. 1, 2 i 3 nie stosuje się w przypadku, gdy właścicielem nowego pojazdu jest przedsiębiorca prowadzący na terytorium Rzeczypospolitej Polskiej działalność gospodarczą w zakresie obrotu pojazdami lub produkcji pojazdów.<br>5a. Przepisów ust. 1 nie stosuje się, w przypadku gdy właścicielem pojazdu:<br>1) przejętego na podstawie art. 50a ust. 2 zdanie drugie jest gmina;<br>2) przejętego na podstawie orzeczenia sądu wydanego w związku z wnioskiem, o którym mowa w art. 130a ust. 10 zdanie pierwsze, jest powiat;<br>3) nabytego w drodze spadku jest gmina albo Skarb Państwa;<br>4) przejętego po likwidacji przedsiębiorstwa jest gmina albo Skarb Państwa;<br>5) przejętego na podstawie art. 44b ustawy z dnia 6 czerwca 1997 r. &#8211; Kodeks karny (Dz. U. z 2025 r. poz. 383) jest Skarb Państwa.<br>6. Przepisu ust. 1 pkt 1 nie stosuje się, w przypadku gdy przed upływem terminów, o których mowa w ust. 1, 2 albo 3, właścicielowi pojazdu zostały wydane:<br>1) zaświadczenie o demontażu pojazdu, o którym mowa w:<br>a) art. 79 ust. 2,<br>b) art. 24 ust. 1 pkt 2 albo art. 33 ust. 3 ustawy z dnia 20 stycznia 2005 r. o recyklingu pojazdów wycofanych z eksploatacji (Dz. U. z 2020 r. poz. 2056);<br>2) zaświadczenie o przyjęciu niekompletnego pojazdu, o którym mowa w art. 25 ust. 1 albo art. 33 ust. 3 ustawy z dnia 20 stycznia 2005 r. o recyklingu pojazdów wycofanych z eksploatacji;<br>3) zaświadczenie potwierdzające zgłoszenie kradzieży pojazdu;<br>4) postanowienie o umorzeniu postępowania przygotowawczego w sprawie kradzieży pojazdu.<br>6a. Przepisu ust. 1 pkt 1 nie stosuje się, w przypadku gdy przed upływem terminów, o których mowa w ust. 1, 2 albo 3, nastąpiła udokumentowana trwała i zupełna utrata posiadania pojazdu bez zmiany w zakresie prawa własności, o której mowa w art. 79 ust. 1 pkt 5.<br>7. Przepisu ust. 1 nie stosuje się, w przypadku gdy właściciel pojazdu dokona zbycia tego pojazdu przed upływem terminów, o których mowa w ust. 1, 2 albo 3.&#8221;</p>
</blockquote>
</blockquote>
